c**2 + 8. Let p be j(4). Let v(s) = -s**3 - 7*s**2 + 11*s + 9. Let i be v(p). Let n = 32 + i. List the prime factors of n.
17
Let f(r) = 5*r**2 - 92*r - 82. List the prime factors of f(25).
743
Let k(w) = 41*w**2 + 2*w - 1. Let b be k(1). Let u = b + 19. What are the prime factors of u?
61
Let b be 13 + -3 + (-2)/2. Let t = -14 + b. List the prime factors of t/(-20) + (-91)/(-4).
23
Suppose 0 = 13*g - 12*g + 17. Let f(a) = -17*a - a**2 + 20 + 4 - 2. List the prime factors of f(g).
2, 11
Suppose -5 = -4*h + 11. Suppose -3*f + h*f = -4*z + 20, -4*z = -4*f - 40. Suppose 2*i - 3*k + 129 = z*i, -3*k + 63 = 2*i. What are the prime factors of i?
3, 11
Suppose 4*o - 322 + 834 = 0. Let y = 201 + o. What are the prime factors of y?
73
Let n = 5 + 1. What are the prime factors of 1458/(-12)*n/(-9)?
3
Let t(l) = -8*l - 9. Let c be ((-140)/30)/(2/3). List the prime factors of t(c).
47
Let v = -121 - -932. What are the prime factors of v?
811
Let t be 2 + 1048/(-1 - -5). List the prime factors of ((-140)/(-112))/(2/t).
3, 5, 11
Suppose 6*k - 4*v = k + 365, -4*v - 296 = -4*k. Suppose 706 - k = 7*o. List the prime factors of o.
7, 13
Let u = -135 + 606. List the prime factors of u.
3, 157
Suppose -1841 - 2204 = -5*l. What are the prime factors of l?
809
Let t = 556 + -466. What are the prime factors of t?
2, 3, 5
Let c(q) = q**2 + 4*q + 37. Let l = -32 - -21. List the prime factors of c(l).
2, 3, 19
List the prime factors of 4308/(-8)*-2 - -12.
3, 11
Let a = -703 - -1156. What are the prime factors of a?
3, 151
Let b(a) = 3*a**2 - 3*a + 5. Let j = -9 - -5. What are the prime factors of b(j)?
5, 13
Suppose -124 = -l - 5*r, -3*r + 0*r = 2*l - 234. List the prime factors of l.
2, 3, 19
What are the prime factors of ((-22905)/10)/(3*6/(-36))?
3, 509
Suppose 0 = 2*d - o - 1279, -3*o - 3325 + 128 = -5*d. What are the prime factors of d?
2, 5
Let x = 576 + -377. List the prime factors of x.
199
What are the prime factors of ((-6)/(-5))/((-90)/(-22650))?
2, 151
Let v be 0*3/12 + -7. Let n(m) = -m - 5. Let h be n(v). List the prime factors of ((-3)/9)/(h/(-54)).
3
Let y(r) be the first derivative of -1/4*r**4 + 2/3*r**3 + 3 + 3*r + 2*r**2. What are the prime factors of y(-2)?
11
Suppose 2*r - 12 = -2. Suppose -r*f + 57 = -98. Suppose 5*y + 2*k - 247 = 0, 5*k - f = -y - 0*k. What are the prime factors of y?
3, 17
Suppose -4*b = b. Suppose 5*a + 4*l - 33 = 0, 3*l = 5*l - 4. Suppose 3*c + 3*w = 2*w + 51, b = -a*c - 5*w + 95. List the prime factors of c.
2
Let o(t) = -6*t - 4. Let j be o(6). Let l = 1026 - 1023. What are the prime factors of (-2)/4*l*j?
2, 3, 5
Let c(v) = 245*v**2 + v. Let z be c(-1). Let s = 45 + z. List the prime factors of s.
17
Let m(n) = -n + 95. Let t be m(0). Suppose -5*p + 6*p = -t. Let o = -56 - p. List the prime factors of o.
3, 13
Let d = -51 + -125. Let y = 449 + d. What are the prime factors of y?
3, 7, 13
Let z be -15*((-12)/10)/2. Let c = 11 - z. Suppose 0 = 2*b + 4*i - 42, 0 = -3*b + 5*b - c*i - 36. List the prime factors of b.
19
Let k = 30 - 8. Let n = k + 67. What are the prime factors of n?
89
Let f = -45 + 53. Suppose -285 = -11*d + f*d. List the prime factors of d.
5, 19
Let p = 771 - 616. List the prime factors of p.
5, 31
Let w(z) = -39*z + 33. List the prime factors of w(-9).
2, 3
Let p = -157 + 220. Let m = -43 + p. Let v = m + 2. What are the prime factors of v?
2, 11
Let u = 16 - 14. Suppose 0 = -u*n + n + 106. List the prime factors of n.
2, 53
Let w = 79 - 75. Suppose 3*h + 4*f - w - 292 = 0, 348 = 4*h - 4*f. List the prime factors of h.
2, 23
Let m be 21/(-6)*12/(-21). Suppose 2 = 2*r - m. What are the prime factors of -3 - ((-40)/4 - r)?
3
Let i(x) be the third derivative of x**6/720 + 13*x**5/120 + 5*x**4/24 + 4*x**2. Let b(a) be the second derivative of i(a). What are the prime factors of b(0)?
13
Let r(w) = -11*w. Let q be r(4). Let l = -20 - q. List the prime factors of l.
2, 3
Suppose -2*h = -4 - 2. Suppose -i = g - 2*g + 5, h*i - 6 = -4*g. Suppose -3*w - g*o = -9, w - o - 15 = -w. What are the prime factors of w?
2, 3
Let x = 2131 + -1136. What are the prime factors of x?
5, 199
Let p = 1 - -1. Suppose -4*r = p*k + 16, 3*k + 0*k + 4*r = -14. Suppose k*h + 111 = 5*h. What are the prime factors of h?
37
Suppose 16 = 5*x - 9. Suppose 0 = 6*a - x*a. Suppose a = q - 2*u - 43, q - u + 3*u = 47. List the prime factors of q.
3, 5
Let t be ((-8)/(-10))/(4/20). Suppose -t*s + 255 = 63. Let n = 106 - s. List the prime factors of n.
2, 29
Suppose 4*d + 6 = 10. List the prime factors of (-276)/8*(d - 3).
3, 23
Suppose g = 4*g + 45. Let h = g + 0. Let z(t) = -t. List the prime factors of z(h).
3, 5
Let r be (0/(-1))/2 + -11. Let p = 2 + r. List the prime factors of p/12*(0 - 24).
2, 3
Let c(t) = -1642*t**3 + t**2 + t + 1. What are the prime factors of c(-1)?
31, 53
Let j be (-9)/3 - ((-210)/(-3))/(-1). Let y = 90 - j. What are the prime factors of y?
23
Let x(u) = 4*u + 10. Let m be x(5). Suppose -z = -3 - m. What are the prime factors of z?
3, 11
What are the prime factors of 7 - (-22 - (-3 - 1))?
5
Suppose -3*q + 4*d = -50 - 204, -2*d - 352 = -4*q. What are the prime factors of q?
2, 3, 5
Let x(c) = 21*c**2 - 44*c + 42. What are the prime factors of x(-14)?
2, 7, 11, 31
What are the prime factors of (4/6)/(5/15105*2)?
19, 53
Let i be (0 - -5)/(4/16*1). Suppose i*j = 15*j + 210. What are the prime factors of j?
2, 3, 7
Suppose 3*m = 7*m - 3*x + 13, -m + 2 = x. What are the prime factors of m + (-3 - 0) + 43?
3, 13
Suppose -6*f + 24 + 0 = 0. Suppose 9*a - f*a - 2*l = 424, 2*a = 4*l + 176. What are the prime factors of a?
2, 3, 7
Suppose -m - 3*m - 2*j = -258, 9 = 3*j. Let t = 2 - 2. Suppose -m = -2*v - v - 2*s, t = v + s - 20. List the prime factors of v.
23
Let t be (-2 - 5/(-1))/(15/10). Suppose -t*f = 6*f - 792. What are the prime factors of f?
3, 11
Suppose -6*b + 808 = -512. Suppose -380 = -5*o + 4*g, -2*g - 2*g - b = -3*o. What are the prime factors of o?
2, 5
Suppose 2*z - 59 + 61 = 0, 0 = -s - 2*z + 2716. What are the prime factors of s?
2, 3, 151
Let z(f) = -f**2 + 12*f - 8. Let v be z(10). Let q = v - 8. Suppose -30 = -3*l - t + 37, -q*t - 8 = 0. List the prime factors of l.
23
Let x = -232 - -318. List the prime factors of x.
2, 43
Let u = 332 + 2872. What are the prime factors of u?
2, 3, 89
Suppose 3*g - j = -68, -j = -6*j - 5. Let b = g - -19. Let s(p) = -7*p + 9. What are the prime factors of s(b)?
37
Suppose 11*y - 16*y + 3*x + 1231 = 0, 0 = 2*y + x - 488. List the prime factors of y.
5, 7
Let z(p) = -p**2 - 4*p + 8. Let f be z(-6). List the prime factors of (-3)/(2*f/104).
3, 13
Let f(b) = 6*b**3 + b**2. Let z be f(1). Suppose k + 68 = 2*n, -3*n + 5*k = -z*n + 136. List the prime factors of n.
2, 17
Suppose 42 = -4*b - 0*k - k, 0 = 4*k + 8. Let g(j) = j**2 + 10*j + 12. What are the prime factors of g(b)?
2, 3
Suppose 4*o + 16 = 0, -6*w + 88 = -2*w - 5*o. Suppose -3*y = -w + 65. List the prime factors of -1 + y/(-4) + 36.
3, 13
Let a(s) = s + 40. Let o(z) = -z. Let l be o(0). Let x be a(l). Let i = x + -24. List the prime factors of i.
2
Suppose 2*m - 16 = -w, -3*w + 3 = 4*m - 33. Suppose 5*x + m = 1. Let c(l) = -8*l**3 + 2*l + 1. What are the prime factors of c(x)?
7
Suppose -2*z - 52 = 11*z. List the prime factors of (1686/(-9))/(z/6).
281
Suppose 0 = z - 2, 4*m + 124 = z - 3*z. Let x = 16 - m. What are the prime factors of x?
2, 3
Suppose -5*u + 4*z = -1632, z - 937 = -2*u - 279. What are the prime factors of u?
2, 41
Let q be (-3 + 2 + -16)*-1. Let r = q + 200. Suppose -r = -6*w - 31. What are the prime factors of w?
31
Suppose 4*t = j + 5875 + 13134, 23765 = 5*t - 2*j. List the prime factors of t.
4751
Let o(h) = -3*h**2 - 26*h - 11. Suppose r - 36 = 6*r + t, 2*r - 2*t = -24. List the prime factors of o(r).
5
Let h(o) = -7*o**3 + 3*o**2 - o + 3. Let q(u) = u**3 - u**2 - u. Let m(b) = h(b) + 2*q(b). What are the prime factors of m(-3)?
2, 3, 13
Let a be -40*(2 + (-12)/(-10)). Let v = -65 - a. What are the prime factors of v?
3, 7
Let m(f) = -f**3 + 5*f**2 - 7*f - 75. List the prime factors of m(-9).
2, 3, 11, 17
Let g = 58 + 26. What are the prime factors of (-1)/(-6) + 3766/g?
3, 5
Let o = 13 - 23. Let w = o + 14. Suppose -3*r - 160 = -w*q, 2*q - r - 63 - 19 = 0. What are the prime factors of q?
43
Let w(p